common divisor of 39304 and 3944?
136
Calculate the greatest common divisor of 18451284 and 120.
12
Calculate the highest common divisor of 81301529 and 521.
521
Calculate the highest common factor of 3422 and 86966.
118
What is the greatest common factor of 9 and 74343141?
9
Calculate the highest common factor of 561 and 321420.
33
Calculate the greatest common factor of 5535 and 4429935.
45
Calculate the highest common divisor of 7574 and 7507998.
1082
Calculate the highest common divisor of 4419072 and 64.
64
Calculate the highest common factor of 45565 and 197682.
701
What is the highest common factor of 19 and 1011833?
1
Calculate the greatest common factor of 86049439 and 98.
49
Calculate the highest common divisor of 6660 and 1536610.
370
Calculate the greatest common divisor of 163087 and 187227.
71
What is the greatest common factor of 108215820 and 15660?
5220
What is the greatest common divisor of 109005 and 59880?
15
What is the highest common factor of 1155150 and 918?
306
Calculate the greatest common factor of 29966176 and 48928.
4448
What is the greatest common factor of 54785542 and 1816?
454
What is the highest common factor of 181350 and 26544060?
2790
Calculate the highest common factor of 17676580 and 13420.
1220
Calculate the greatest common factor of 3945 and 316689609.
789
Calculate the highest common divisor of 342 and 115049556.
18
Calculate the highest common factor of 2921 and 27677648.
23
Calculate the greatest common factor of 910292 and 1360324.
10228
What is the highest common divisor of 2208 and 164726?
46
Calculate the greatest common divisor of 478838608 and 74.
74
Calculate the greatest common factor of 1891269 and 903.
129
What is the highest common factor of 268065 and 2142?
63
What is the greatest common divisor of 3112 and 531798788?
1556
Calculate the greatest common factor of 845578839 and 4031.
4031
What is the highest common factor of 29176845 and 1785?
255
What is the greatest common factor of 122143 and 98?
7
Calculate the greatest common divisor of 699 and 24127383.
699
Calculate the highest common factor of 1071 and 22820562.
153
Calculate the highest common divisor of 56 and 1669920154.
14
What is the highest common factor of 2289339 and 289?
17
Calculate the greatest common divisor of 510 and 25468635.
255
What is the highest common factor of 652 and 3067986?
326
Calculate the highest common divisor of 44370630 and 327.
327
What is the greatest common factor of 118856 and 279212?
332
What is the highest common divisor of 407 and 527356819?
407
What is the greatest common factor of 1495 and 47011885?
115
What is the greatest common factor of 5687 and 503793?
47
Calculate the highest common divisor of 3892 and 479689.
973
Calculate the greatest common factor of 56658 and 7320810.
2982
Calculate the highest common divisor of 130494 and 908678.
478
What is the highest common factor of 419 and 1119091178?
419
Calculate the greatest common divisor of 201176 and 360.
8
What is the highest common divisor of 2091 and 33634891?
17
What is the highest common factor of 19476 and 708?
12
Calculate the greatest common divisor of 126660 and 426.
6
Calculate the highest common factor of 21340930 and 585.
65
What is the highest common factor of 1531699 and 93859?
1997
What is the greatest common divisor of 1045 and 48400?
55
Calculate the highest common divisor of 318 and 183220841.
53
What is the greatest common divisor of 344322 and 26429040?
9306
Calculate the greatest common divisor of 206487320 and 416.
104
Calculate the highest common divisor of 238606000 and 2.
2
Calculate the highest common divisor of 260528801 and 533.
533
What is the highest common divisor of 3228 and 479627?
269
What is the greatest common divisor of 4964956 and 39220?
148
Calculate the highest common divisor of 24 and 462828.
12
What is the greatest common factor of 750 and 60479625?
375
What is the greatest common factor of 578 and 2559418?
34
Calculate the greatest common factor of 2382 and 358131715.
397
What is the greatest common factor of 80223 and 9560694?
4719
Calculate the greatest common factor of 25110571 and 55195.
1577
What is the highest common factor of 6135 and 48540?
15
What is the highest common factor of 25196544 and 228?
12
What is the greatest common factor of 2708 and 261210972?
2708
What is the greatest common divisor of 1914 and 485430?
66
Calculate the highest common factor of 1961664 and 4352.
1088
Calculate the greatest common divisor of 1154174065 and 11.
11
What is the greatest common divisor of 470468 and 36?
4
Calculate the highest common factor of 2632763 and 633899.
4627
Calculate the highest common factor of 66563 and 917.
7
Calculate the greatest common divisor of 18030794 and 4642.
422
What is the highest common factor of 12927299 and 1232?
77
Calculate the highest common factor of 140790 and 48087.
39
Calculate the greatest common factor of 2068 and 1228956.
188
Calculate the greatest common divisor of 3662208 and 286.
22
Calculate the greatest common factor of 10167504 and 21328.
496
What is the greatest common divisor of 187302587 and 67?
67
What is the highest common factor of 52072 and 163574?
566
Calculate the highest common divisor of 4752 and 17970876.
1188
What is the highest common divisor of 23388 and 3896051?
1949
Calculate the highest common divisor of 6704 and 1595756472.
3352
Calculate the greatest common divisor of 13 and 2582759101.
13
What is the highest common divisor of 7744217 and 325?
13
Calculate the highest common divisor of 685936 and 436.
4
Calculate the highest common factor of 141845200 and 5600.
2800
What is the highest common factor of 182626868 and 20718?
2302
What is the greatest common divisor of 26 and 60655439?
13
Calculate the highest common factor of 320750 and 12319366.
2566
What is the greatest common factor of 53467 and 77464?
421
What is the highest common factor of 1969 and 139634?
11
What is the greatest common factor of 450 and 38557395?
45
Calculate the highest common divisor of 9288 and 23021512.
344
What is the highest common divisor of 20640 and 22872345?
645
Calculate the greatest common factor of 3955 and 409452449.
791
What is the highest common factor of 2799 and 19310923?
311
Calculate the highest common divisor of 237 and 332112.
3
Calculate the highest common divisor of 162 and 667626.
6
What is the highest common factor of 7734450 and 1650?
150
What is the highest common factor of 45652562 and 92?
46
Calculate the greatest common factor of 515 and 13551607.
103
What is the greatest common divisor of 51205 and 439208?
77
What is the greatest common factor of 33357084 and 92?
92
What is the highest common divisor of 165 and 137821673?
11
Calculate the greatest common divisor of 313 and 20699003.
313
What is the greatest common factor of 61911010 and 490?
490
What is the highest common factor of 4032 and 508288?
64
Calculate the highest common factor of 14 and 22360618.
14
Calculate the greatest common factor of 3178 and 28301679.
1589
Calculate the highest common divisor of 22705725 and 3416.
427
Calculate the greatest common factor of 564 and 942519012.
564
Calculate the greatest common factor of 5000 and 6855.
5
Calculate the greatest common factor of 2115062090 and 590.
590
Calculate the highest common factor of 4028180 and 2860.
260
Calculate the greatest common factor of 747 and 1541862.
9
Calculate the greatest common divisor of 17466087 and 7060.
353
What is the greatest common factor of 12342 and 4940914?
4114
Calculate the highest common factor of 859654075 and 140.
35
What is the highest common factor of 893 and 39444?
19
What is the greatest common divisor of 1085 and 31356500?
1085
What is the highest common divisor of 167921 and 2?
1
What is the highest common divisor of 10 and 512594?
2
What is the greatest common factor of 41346 and 140454?
18
What is the highest common divisor of 53719601 and 104?
13
What is the greatest common factor of 101518 and 63383?
263
Calculate the highest common factor of 77376 and 1319019.
1209
Calculate the greatest common factor of 428056360 and 40.
40
What is the highest common divisor of 15416436 and 7792512?
18732
Calculate the highest common factor of 136 and 2620176.
136
What is the highest